54001 composite?
True
Is 236579 a composite number?
True
Is 162839 prime?
True
Is 7141 a composite number?
True
Is 34699 prime?
False
Is 957403 a prime number?
True
Is 6169 composite?
True
Is 189757 composite?
False
Is 11409 composite?
True
Is 820177 composite?
False
Is 52639 composite?
False
Is 6863 composite?
False
Is 48049 prime?
True
Is 248294 a prime number?
False
Is 26033 composite?
True
Is 100643 prime?
False
Is 24161 a composite number?
True
Is 163811 a prime number?
True
Is 104821 composite?
True
Is 38297 composite?
True
Is 472195 a prime number?
False
Is 14813 prime?
True
Is 125831 a composite number?
True
Is 54695 prime?
False
Is 6267 a composite number?
True
Is 1129103 composite?
False
Is 120215 prime?
False
Is 8751 prime?
False
Is 4861 a composite number?
False
Is 29663 prime?
True
Is 1055219 a prime number?
False
Is 317393 a composite number?
True
Is 3433 a prime number?
True
Is 11113 composite?
False
Is 24571 composite?
False
Is 205717 prime?
False
Is 36257 a prime number?
False
Is 8081 a prime number?
True
Is 443411 a prime number?
False
Is 305251 a prime number?
False
Is 7817 prime?
True
Is 49747 a composite number?
False
Is 23117 a composite number?
False
Is 1316297 a composite number?
True
Is 31669 a prime number?
False
Is 4661 prime?
False
Is 355 a prime number?
False
Is 1486687 a prime number?
True
Is 1073857 prime?
True
Is 7411 prime?
True
Is 272819 prime?
False
Is 911387 a composite number?
True
Is 214241 a composite number?
True
Is 1704385 prime?
False
Is 2767 prime?
True
Is 102757 a prime number?
False
Is 578251 a prime number?
True
Is 391537 a prime number?
True
Is 209563 a composite number?
False
Is 83671 a composite number?
True
Is 79279 prime?
True
Is 735617 composite?
False
Is 818851 composite?
True
Is 160951 prime?
False
Is 6311 a prime number?
True
Is 761 prime?
True
Is 10123 composite?
True
Is 17539 a prime number?
True
Is 301259 composite?
True
Is 98305 prime?
False
Is 581 a composite number?
True
Is 1147117 a composite number?
False
Is 12049 a composite number?
False
Is 150207 composite?
True
Is 29551 prime?
False
Is 73393 composite?
True
Is 2958859 prime?
True
Is 161567 a composite number?
True
Is 9611 prime?
False
Is 1509353 a composite number?
False
Is 71897 a composite number?
True
Is 120759 a composite number?
True
Is 1210711 a composite number?
False
Is 7853 a prime number?
True
Is 138893 prime?
True
Is 533 a prime number?
False
Is 293162 a prime number?
False
Is 128563 a composite number?
False
Is 6541 a composite number?
True
Is 14822 a prime number?
False
Is 22481 a composite number?
False
Is 381037 composite?
False
Is 1934 a composite number?
True
Is 62599 composite?
True
Is 34649 a composite number?
False
Is 76327 a composite number?
True
Is 127123 composite?
False
Is 164569 a prime number?
True
Is 26083 a composite number?
False
Is 5401 prime?
False
Is 6511 composite?
True
Is 21265 composite?
True
Is 94421 prime?
True
Is 12323 composite?
False
Is 150581 prime?
False
Is 510529 prime?
True
Is 25778 a prime number?
False
Is 112741 composite?
False
Is 696181 prime?
True
Is 701951 a composite number?
False
Is 2081 a composite number?
False
Is 324157 composite?
True
Is 697 prime?
False
Is 4400293 composite?
False
Is 5935 prime?
False
Is 1073 composite?
True
Is 578433 a composite number?
True
Is 64231 a prime number?
True
Is 15783 a prime number?
False
Is 4989 a composite number?
True
Is 219901 a composite number?
True
Is 6037 a prime number?
True
Is 7817 prime?
True
Is 100907 composite?
False
Is 2551 a prime number?
True
Is 111091 a prime number?
True
Is 1782959 prime?
True
Is 398173 prime?
False
Is 3540203 composite?
False
Is 96095 a prime number?
False
Is 102481 a composite number?
False
Is 1357 prime?
False
Is 6143 a prime number?
True
Is 34691 a composite number?
True
Is 166261 prime?
False
Is 378971 a composite number?
True
Is 860635 a prime number?
False
Is 2362343 a prime number?
True
Is 6497 prime?
False
Is 72397 a composite number?
True
Is 210533 composite?
False
Is 12763 a composite number?
False
Is 59183 a prime number?
True
Is 13522 composite?
True
Is 16057 prime?
True
Is 243769 a prime number?
True
Is 1273 a composite number?
True
Is 16561 composite?
False
Is 8639 composite?
True
Is 483611 a composite number?
False
Is 223129 a composite number?
False
Is 89834 a prime number?
False
Is 321889 a composite number?
False
Is 11863 composite?
False
Is 3482 prime?
False
Is 36753 a composite number?
True
Is 92329 a composite number?
True
Is 2531 prime?
True
Is 676735 prime?
False
Is 28103 a prime number?
False
Is 3041 composite?
False
Is 2773 composite?
True
Is 216829 composite?
False
Is 198451 prime?
False
Is 218783 prime?
True
Is 29071 a composite number?
True
Is 559667 a composite number?
False
Is 2371 a composite number?
False
Is 15421 a prime number?
False
Is 764531 composite?
True
Is 220973 a prime number?
True
Is 45134 a prime number?
False
Is 7639 prime?
True
Is 9239 a prime number?
True
Is 1833829 prime?
False
Is 7886 a composite number?
True
Is 2280889 a composite number?
True
Is 570769 composite?
True
Is 1499333 prime?
False
Is 9893 a prime number?
False
Is 4393 composite?
True
Is 394513 a prime number?
False
Is 9199 a composite number?
False
Is 2503 composite?
False
Is 403 a prime number?
False
Is 2513 a prime number?
False
Is 125063 a prime number?
True
Is 2728567 a prime number?
True
Is 87211 a composite number?
False
Is 38749 prime?
True
Is 12367 prime?
False
Is 8923 composite?
False
Is 8885 a composite number?
True
Is 125249 prime?
False
Is 2540057 a composite number?
True
Is 25523 a prime number?
True
Is 106181 composite?
False
Is 32687 a prime number?
True
Is 35521 composite?
False
Is 75967 a composite number?
False
Is 10111 a prime number?
True
Is 537535 composite?
True
Is 8951 prime?
True
Is 1170311 composite?
False
Is 15874 composite?
True
Is 372319 prime?
False
Is 34931 a prime number?
False
Is 16945 composite?
True
Is 155042 composite?
True
Is 133841 a composite number?
True
Is 779249 a composite number?
False
Is 98317 composite?
False
Is 104197 composite?
True
Is 130729 a prime number?
True
Is 83735 a prime number?
False
Is 94931 a prime number?
False
Is 3247 prime?
False
Is 28093 composite?
True
Is 4907 prime?
False
Is 170209 a prime number?
False
Is 13753 a prime number?
False
Is 146719 prime?
True
Is 2031697 a composite number?
True
Is 2395 a composite number?
True
Is 20101 prime?
True
Is 210251 a prime number?
False
Is 4413 a prime number?
False
Is 1267667 composite?
True
Is 377209 prime?
False
Is 108586 prime?
False
Is 54539 a composite number?
False
Is 149993 a composite number?
False
Is 1114 prime?
False
Is 22303 a prime number?
True
Is 8663 a prime number?
True
Is 11829 a composite number?
True
Is 103459 composite?
True
Is 29123 prime?
True
Is 15859 a prime number?
True
Is 509219 prime?
False
Is 1657 a composite number?
False
Is 235085 prime?
False
Is 61441 a composite number?
False
Is 8503 composite?
True
Is 883417 a prime number?
False
Is 4971 prime?
False
Is 142855 a composite number?
True
Is 2096969 a prime number?
False
Is 4721 a prime number?
True
Is 254455 composite?
True
Is 1690597 prime?
True
Is 3377 a composite number?
True
Is 402299 a prime number?
True
Is 3098423 a prime number?
True
Is 76759 a prime number?
False
Is 725861 prime?
True
Is 73819 composite?
False
Is 4049 prime?
True
Is 31991 a prime number?
True
Is 616481 a prime number?
True
Is 4861 composite?
False
Is 1173955 a composite number?
True
Is 25733 composite?
False
Is 28477 composite?
False
Is 230959 a composite number?
False
Is 48743 composite?
True
Is 3181 a prime number?
True
Is 6617 prime?
False
Is 27957 composite?
True
Is 68933 a prime number?
False
Is 1151 composite?
False
Is 227477 prime?
False
Is 39583 a prime number?
False
Is 729311 composite?
True
Is 12853 prime?
True
Is 68167 a composite number?
True
Is 132017 a prime number?
False
Is 184241 a prime number?
True
Is 13343 prime?
False
Is 175282 composite?
True
Is 257 prime?
True
Is 23 a prime number?
True
Is 13147 a composite number?
False
Is 8593 composite?
True
Is 30731 a composite number?
True
Is 1949 prime?
True
Is 277993 a prime number?
True
Is 13919 a prime number?
False
Is 4496491 composite?
False
Is 151061 a prime number?
